06-15 15:50:35.299: D/AndroidRuntime(558): >>>>>>>>>>>>>> AndroidRuntime START <<<<<<<<<<<<<<
06-15 15:50:35.309: D/AndroidRuntime(558): CheckJNI is ON
06-15 15:50:35.479: D/AndroidRuntime(558): --- registering native functions ---
06-15 15:50:36.229: D/dalvikvm(324): GC_EXPLICIT freed 431 objects / 26608 bytes in 61ms
06-15 15:50:37.449: D/PackageParser(60): Scanning package: /data/app/vmdl67571.tmp
06-15 15:50:40.689: I/PackageManager(60): Removing non-system package:com.appcelerator.myproject
06-15 15:50:40.689: I/ActivityManager(60): Force stopping package com.appcelerator.myproject uid=10040
06-15 15:50:40.829: D/PackageManager(60): Scanning package com.appcelerator.myproject
06-15 15:50:40.829: I/PackageManager(60): Package com.appcelerator.myproject codePath changed from /data/app/com.appcelerator.myproject-1.apk to /data/app/com.appcelerator.myproject-2.apk; Retaining data and using new
06-15 15:50:40.829: I/PackageManager(60): /data/app/com.appcelerator.myproject-2.apk changed; unpacking
06-15 15:50:40.860: D/PackageManager(60): Caching shared lib lib/armeabi/libkroll-v8.so
06-15 15:50:42.279: D/PackageManager(60): Caching shared lib lib/armeabi/libstlport_shared.so
06-15 15:50:42.368: D/installd(35): DexInv: --- BEGIN '/data/app/com.appcelerator.myproject-2.apk' ---
06-15 15:50:43.139: D/dalvikvm(565): DexOpt: 'Lorg/apache/commons/codec/binary/Base64;' has an earlier definition; blocking out
06-15 15:50:43.139: D/dalvikvm(565): DexOpt: 'Lorg/apache/commons/codec/binary/Hex;' has an earlier definition; blocking out
06-15 15:50:43.239: D/dalvikvm(565): DexOpt: 'Lorg/w3c/dom/UserDataHandler;' has an earlier definition; blocking out
06-15 15:50:43.769: D/dalvikvm(565): DexOpt: not verifying 'Lorg/apache/commons/codec/binary/Base64;': multiple definitions
06-15 15:50:43.769: D/dalvikvm(565): DexOpt: not verifying 'Lorg/apache/commons/codec/binary/Hex;': multiple definitions
06-15 15:50:43.779: I/dalvikvm(565): DexOpt: not resolving ambiguous class 'Lorg/apache/commons/codec/binary/Hex;'
06-15 15:50:44.209: I/dalvikvm(565): DexOpt: not resolving ambiguous class 'Lorg/apache/commons/codec/binary/Base64;'
06-15 15:50:44.239: I/dalvikvm(565): DexOpt: not resolving ambiguous class 'Lorg/apache/commons/codec/binary/Base64;'
06-15 15:50:44.749: D/dalvikvm(565): DexOpt: not verifying 'Lorg/w3c/dom/UserDataHandler;': multiple definitions
06-15 15:50:45.049: I/dalvikvm(565): DexOpt: not resolving ambiguous class 'Lorg/apache/commons/codec/binary/Hex;'
06-15 15:50:45.469: I/dalvikvm(565): DexOpt: not resolving ambiguous class 'Lorg/apache/commons/codec/binary/Base64;'
06-15 15:50:45.599: D/dalvikvm(565): DexOpt: load 364ms, verify 2100ms, opt 107ms
06-15 15:50:45.669: D/installd(35): DexInv: --- END '/data/app/com.appcelerator.myproject-2.apk' (success) ---
06-15 15:50:45.679: W/PackageManager(60): Code path for pkg : com.appcelerator.myproject changing from /data/app/com.appcelerator.myproject-1.apk to /data/app/com.appcelerator.myproject-2.apk
06-15 15:50:45.679: W/PackageManager(60): Resource path for pkg : com.appcelerator.myproject changing from /data/app/com.appcelerator.myproject-1.apk to /data/app/com.appcelerator.myproject-2.apk
06-15 15:50:45.679: D/PackageManager(60): Services: org.appcelerator.titanium.analytics.TiAnalyticsService
06-15 15:50:45.679: D/PackageManager(60): Activities: com.appcelerator.myproject.MyprojectActivity ti.modules.titanium.map.TiMapActivity org.appcelerator.titanium.TiActivity org.appcelerator.titanium.TiTranslucentActivity org.appcelerator.titanium.TiModalActivity ti.modules.titanium.ui.TiTabActivity ti.modules.titanium.ui.android.TiPreferencesActivity
06-15 15:50:45.689: I/ActivityManager(60): Force stopping package com.appcelerator.myproject uid=10040
06-15 15:50:45.819: I/installd(35): move /data/dalvik-cache/data@app@com.appcelerator.myproject-2.apk@classes.dex -> /data/dalvik-cache/data@app@com.appcelerator.myproject-2.apk@classes.dex
06-15 15:50:45.819: D/PackageManager(60): New package installed in /data/app/com.appcelerator.myproject-2.apk
06-15 15:50:45.999: I/ActivityManager(60): Force stopping package com.appcelerator.myproject uid=10040
06-15 15:50:46.149: D/dalvikvm(60): GC_EXPLICIT freed 11659 objects / 749192 bytes in 136ms
06-15 15:50:46.278: D/dalvikvm(118): GC_EXPLICIT freed 908 objects / 48944 bytes in 129ms
06-15 15:50:46.629: W/RecognitionManagerService(60): no available voice recognition services found
06-15 15:50:46.799: D/dalvikvm(60): GC_EXPLICIT freed 6487 objects / 347240 bytes in 133ms
06-15 15:50:46.799: I/installd(35): unlink /data/dalvik-cache/data@app@com.appcelerator.myproject-1.apk@classes.dex
06-15 15:50:46.849: D/AndroidRuntime(558): Shutting down VM
06-15 15:50:46.869: D/dalvikvm(558): Debugger has detached; object registry had 1 entries
06-15 15:50:46.909: I/AndroidRuntime(558): NOTE: attach of thread 'Binder Thread #3' failed
06-15 15:50:47.449: D/AndroidRuntime(571): >>>>>>>>>>>>>> AndroidRuntime START <<<<<<<<<<<<<<
06-15 15:50:47.449: D/AndroidRuntime(571): CheckJNI is ON
06-15 15:50:47.669: D/AndroidRuntime(571): --- registering native functions ---
06-15 15:50:48.959: I/ActivityManager(60): Starting activity: Intent { act=android.intent.action.MAIN cat=[android.intent.category.LAUNCHER] flg=0x10000000 cmp=com.appcelerator.myproject/.MyprojectActivity }
06-15 15:50:49.049: D/AndroidRuntime(571): Shutting down VM
06-15 15:50:49.049: D/dalvikvm(571): Debugger has detached; object registry had 1 entries
06-15 15:50:49.128: I/ActivityManager(60): Start proc com.appcelerator.myproject for activity com.appcelerator.myproject/.MyprojectActivity: pid=577 uid=10040 gids={1015, 3003}
06-15 15:50:49.128: I/dalvikvm(571): JNI: AttachCurrentThread (from ???.???)
06-15 15:50:49.128: I/AndroidRuntime(571): NOTE: attach of thread 'Binder Thread #3' failed
06-15 15:50:49.708: D/SntpClient(60): request time failed: java.net.SocketException: Address family not supported by protocol
06-15 15:50:49.969: I/TiApplication(577): (main) [0,0] checkpoint, app created.
06-15 15:50:50.529: I/TiApplication(577): (main) [561,561] Titanium 2.1.0 (2012/06/15 15:04 09b7d58)
06-15 15:50:50.679: D/dalvikvm(577): GC_FOR_MALLOC freed 3519 objects / 338984 bytes in 67ms
06-15 15:50:50.839: D/TiFastDev(577): (main) [313,874] Enabling Fastdev on port 52436
06-15 15:50:50.859: D/TiFastDev(577): (main) [18,892] sent tokens successfully
06-15 15:50:50.859: D/TiFastDev(577): (main) [1,893] Fastdev session handshake succesful.
06-15 15:50:50.879: I/TiApplication(577): (main) [14,907] Titanium Javascript runtime: v8
06-15 15:50:50.889: D/dalvikvm(577): Trying to load lib /data/data/com.appcelerator.myproject/lib/libstlport_shared.so 0x44f3f448
06-15 15:50:50.919: D/dalvikvm(577): Added shared lib /data/data/com.appcelerator.myproject/lib/libstlport_shared.so 0x44f3f448
06-15 15:50:50.919: D/dalvikvm(577): No JNI_OnLoad found in /data/data/com.appcelerator.myproject/lib/libstlport_shared.so 0x44f3f448, skipping init
06-15 15:50:50.939: D/dalvikvm(577): Trying to load lib /data/data/com.appcelerator.myproject/lib/libkroll-v8.so 0x44f3f448
06-15 15:50:50.969: I/TiRootActivity(577): (main) [0,0] checkpoint, on root activity create, savedInstanceState: null
06-15 15:50:51.038: D/dalvikvm(577): Added shared lib /data/data/com.appcelerator.myproject/lib/libkroll-v8.so 0x44f3f448
06-15 15:50:52.319: D/dalvikvm(577): GC_FOR_MALLOC freed 2227 objects / 512920 bytes in 65ms
06-15 15:50:52.629: E/TiApplication(577): (KrollRuntimeThread) [1662,1662] APP PROXY: ti.modules.titanium.app.AppModule@44fa1eb0
06-15 15:50:52.709: W/V8Object(577): Runtime disposed, cannot set property 'userAgent'
06-15 15:50:52.859: D/TiAssetHelper(577): Fetching "app.js" with Fastdev...
06-15 15:50:53.349: D/TiMapView(577): (main) [721,2383] Development mode using map api key ending with 'WE5TSgjJNg' retrieved from (Source Code)
06-15 15:50:53.480: D/dalvikvm(577): GC_FOR_MALLOC freed 5903 objects / 388360 bytes in 63ms
06-15 15:50:53.719: D/dalvikvm(577): GC_FOR_MALLOC freed 10913 objects / 666112 bytes in 53ms
06-15 15:50:53.899: D/dalvikvm(577): GC_FOR_MALLOC freed 5202 objects / 314680 bytes in 52ms
06-15 15:50:54.099: D/AndroidRuntime(577): Shutting down VM
06-15 15:50:54.099: W/dalvikvm(577): threadid=1: thread exiting with uncaught exception (group=0x4001d800)
06-15 15:50:54.179: D/dalvikvm(577): GC_FOR_MALLOC freed 7874 objects / 588544 bytes in 55ms
06-15 15:50:54.179: E/TiApplication(577): (main) [754,3137] Sending event: exception on thread: main msg:java.lang.RuntimeException: Unable to start activity ComponentInfo{com.appcelerator.myproject/com.appcelerator.myproject.MyprojectActivity}: java.lang.NullPointerException; Titanium 2.1.0,2012/06/15 15:04,09b7d58
06-15 15:50:54.179: E/TiApplication(577): java.lang.RuntimeException: Unable to start activity ComponentInfo{com.appcelerator.myproject/com.appcelerator.myproject.MyprojectActivity}: java.lang.NullPointerException
06-15 15:50:54.179: E/TiApplication(577): at android.app.ActivityThread.performLaunchActivity(ActivityThread.java:2663)
06-15 15:50:54.179: E/TiApplication(577): at android.app.ActivityThread.handleLaunchActivity(ActivityThread.java:2679)
06-15 15:50:54.179: E/TiApplication(577): at android.app.ActivityThread.access$2300(ActivityThread.java:125)
06-15 15:50:54.179: E/TiApplication(577): at android.app.ActivityThread$H.handleMessage(ActivityThread.java:2033)
06-15 15:50:54.179: E/TiApplication(577): at android.os.Handler.dispatchMessage(Handler.java:99)
06-15 15:50:54.179: E/TiApplication(577): at android.os.Looper.loop(Looper.java:123)
06-15 15:50:54.179: E/TiApplication(577): at android.app.ActivityThread.main(ActivityThread.java:4627)
06-15 15:50:54.179: E/TiApplication(577): at java.lang.reflect.Method.invokeNative(Native Method)
06-15 15:50:54.179: E/TiApplication(577): at java.lang.reflect.Method.invoke(Method.java:521)
06-15 15:50:54.179: E/TiApplication(577): at com.android.internal.os.ZygoteInit$MethodAndArgsCaller.run(ZygoteInit.java:868)
06-15 15:50:54.179: E/TiApplication(577): at com.android.internal.os.ZygoteInit.main(ZygoteInit.java:626)
06-15 15:50:54.179: E/TiApplication(577): at dalvik.system.NativeStart.main(Native Method)
06-15 15:50:54.179: E/TiApplication(577): Caused by: java.lang.NullPointerException
06-15 15:50:54.179: E/TiApplication(577): at java.net.URI$Helper.isValidDomainName(URI.java:631)
06-15 15:50:54.179: E/TiApplication(577): at java.net.URI$Helper.isValidHost(URI.java:595)
06-15 15:50:54.179: E/TiApplication(577): at java.net.URI$Helper.parseAuthority(URI.java:544)
06-15 15:50:54.179: E/TiApplication(577): at java.net.URI$Helper.parseURI(URI.java:404)
06-15 15:50:54.179: E/TiApplication(577): at java.net.URI$Helper.access$100(URI.java:302)
06-15 15:50:54.179: E/TiApplication(577): at java.net.URI.(URI.java:87)
06-15 15:50:54.179: E/TiApplication(577): at org.appcelerator.titanium.util.TiUrl.absoluteUrl(TiUrl.java:274)
06-15 15:50:54.179: E/TiApplication(577): at org.appcelerator.titanium.util.TiUrl.resolve(TiUrl.java:218)
06-15 15:50:54.179: E/TiApplication(577): at org.appcelerator.kroll.KrollProxy.resolveUrl(KrollProxy.java:970)
06-15 15:50:54.179: E/TiApplication(577): at ti.modules.titanium.map.TiMapView$TitaniumOverlay.createItem(TiMapView.java:259)
06-15 15:50:54.179: E/TiApplication(577): at ti.modules.titanium.map.TiMapView$TitaniumOverlay.createItem(TiMapView.java:165)
06-15 15:50:54.179: E/TiApplication(577): at com.google.android.maps.ItemizedOverlay.populate(ItemizedOverlay.java:309)
06-15 15:50:54.179: E/TiApplication(577): at ti.modules.titanium.map.TiMapView$TitaniumOverlay.setAnnotations(TiMapView.java:186)
06-15 15:50:54.179: E/TiApplication(577): at ti.modules.titanium.map.TiMapView.doSetAnnotations(TiMapView.java:783)
06-15 15:50:54.179: E/TiApplication(577): at ti.modules.titanium.map.TiMapView.processProperties(TiMapView.java:657)
06-15 15:50:54.179: E/TiApplication(577): at org.appcelerator.kroll.KrollProxy.setModelListener(KrollProxy.java:884)
06-15 15:50:54.179: E/TiApplication(577): at org.appcelerator.titanium.proxy.TiViewProxy.realizeViews(TiViewProxy.java:426)
06-15 15:50:54.179: E/TiApplication(577): at org.appcelerator.titanium.proxy.TiViewProxy.handleGetView(TiViewProxy.java:418)
06-15 15:50:54.179: E/TiApplication(577): at org.appcelerator.titanium.proxy.TiViewProxy.getOrCreateView(TiViewProxy.java:396)
06-15 15:50:54.179: E/TiApplication(577): at org.appcelerator.titanium.proxy.TiViewProxy.realizeViews(TiViewProxy.java:433)
06-15 15:50:54.179: E/TiApplication(577): at org.appcelerator.titanium.proxy.TiViewProxy.handleGetView(TiViewProxy.java:418)
06-15 15:50:54.179: E/TiApplication(577): at org.appcelerator.titanium.proxy.TiViewProxy.getOrCreateView(TiViewProxy.java:396)
06-15 15:50:54.179: E/TiApplication(577): at org.appcelerator.titanium.proxy.TiViewProxy.handleAdd(TiViewProxy.java:512)
06-15 15:50:54.179: E/TiApplication(577): at org.appcelerator.titanium.proxy.TiViewProxy.handleMessage(TiViewProxy.java:203)
06-15 15:50:54.179: E/TiApplication(577): at android.os.Handler.dispatchMessage(Handler.java:95)
06-15 15:50:54.179: E/TiApplication(577): at org.appcelerator.kroll.common.TiMessenger.dispatchMessage(TiMessenger.java:365)
06-15 15:50:54.179: E/TiApplication(577): at org.appcelerator.kroll.common.TiMessenger.dispatchPendingMessages(TiMessenger.java:350)
06-15 15:50:54.179: E/TiApplication(577): at org.appcelerator.kroll.common.TiMessenger$2.getResult(TiMessenger.java:235)
06-15 15:50:54.179: E/TiApplication(577): at org.appcelerator.kroll.common.TiMessenger.sendBlockingMessage(TiMessenger.java:262)
06-15 15:50:54.179: E/TiApplication(577): at org.appcelerator.kroll.common.TiMessenger.sendBlockingRuntimeMessage(TiMessenger.java:187)
06-15 15:50:54.179: E/TiApplication(577): at org.appcelerator.kroll.KrollProxy.fireSyncEvent(KrollProxy.java:605)
06-15 15:50:54.179: E/TiApplication(577): at org.appcelerator.titanium.TiBaseActivity.onCreate(TiBaseActivity.java:428)
06-15 15:50:54.179: E/TiApplication(577): at org.appcelerator.titanium.TiLaunchActivity.onCreate(TiLaunchActivity.java:162)
06-15 15:50:54.179: E/TiApplication(577): at org.appcelerator.titanium.TiRootActivity.onCreate(TiRootActivity.java:99)
06-15 15:50:54.179: E/TiApplication(577): at android.app.Instrumentation.callActivityOnCreate(Instrumentation.java:1047)
06-15 15:50:54.179: E/TiApplication(577): at android.app.ActivityThread.performLaunchActivity(ActivityThread.java:2627)
06-15 15:50:54.179: E/TiApplication(577): ... 11 more
06-15 15:50:54.269: E/AndroidRuntime(577): FATAL EXCEPTION: main
06-15 15:50:54.269: E/AndroidRuntime(577): java.lang.RuntimeException: Unable to start activity ComponentInfo{com.appcelerator.myproject/com.appcelerator.myproject.MyprojectActivity}: java.lang.NullPointerException
06-15 15:50:54.269: E/AndroidRuntime(577): at android.app.ActivityThread.performLaunchActivity(ActivityThread.java:2663)
06-15 15:50:54.269: E/AndroidRuntime(577): at android.app.ActivityThread.handleLaunchActivity(ActivityThread.java:2679)
06-15 15:50:54.269: E/AndroidRuntime(577): at android.app.ActivityThread.access$2300(ActivityThread.java:125)
06-15 15:50:54.269: E/AndroidRuntime(577): at android.app.ActivityThread$H.handleMessage(ActivityThread.java:2033)
06-15 15:50:54.269: E/AndroidRuntime(577): at android.os.Handler.dispatchMessage(Handler.java:99)
06-15 15:50:54.269: E/AndroidRuntime(577): at android.os.Looper.loop(Looper.java:123)
06-15 15:50:54.269: E/AndroidRuntime(577): at android.app.ActivityThread.main(ActivityThread.java:4627)
06-15 15:50:54.269: E/AndroidRuntime(577): at java.lang.reflect.Method.invokeNative(Native Method)
06-15 15:50:54.269: E/AndroidRuntime(577): at java.lang.reflect.Method.invoke(Method.java:521)
06-15 15:50:54.269: E/AndroidRuntime(577): at com.android.internal.os.ZygoteInit$MethodAndArgsCaller.run(ZygoteInit.java:868)
06-15 15:50:54.269: E/AndroidRuntime(577): at com.android.internal.os.ZygoteInit.main(ZygoteInit.java:626)
06-15 15:50:54.269: E/AndroidRuntime(577): at dalvik.system.NativeStart.main(Native Method)
06-15 15:50:54.269: E/AndroidRuntime(577): Caused by: java.lang.NullPointerException
06-15 15:50:54.269: E/AndroidRuntime(577): at java.net.URI$Helper.isValidDomainName(URI.java:631)
06-15 15:50:54.269: E/AndroidRuntime(577): at java.net.URI$Helper.isValidHost(URI.java:595)
06-15 15:50:54.269: E/AndroidRuntime(577): at java.net.URI$Helper.parseAuthority(URI.java:544)
06-15 15:50:54.269: E/AndroidRuntime(577): at java.net.URI$Helper.parseURI(URI.java:404)
06-15 15:50:54.269: E/AndroidRuntime(577): at java.net.URI$Helper.access$100(URI.java:302)
06-15 15:50:54.269: E/AndroidRuntime(577): at java.net.URI.(URI.java:87)
06-15 15:50:54.269: E/AndroidRuntime(577): at org.appcelerator.titanium.util.TiUrl.absoluteUrl(TiUrl.java:274)
06-15 15:50:54.269: E/AndroidRuntime(577): at org.appcelerator.titanium.util.TiUrl.resolve(TiUrl.java:218)
06-15 15:50:54.269: E/AndroidRuntime(577): at org.appcelerator.kroll.KrollProxy.resolveUrl(KrollProxy.java:970)
06-15 15:50:54.269: E/AndroidRuntime(577): at ti.modules.titanium.map.TiMapView$TitaniumOverlay.createItem(TiMapView.java:259)
06-15 15:50:54.269: E/AndroidRuntime(577): at ti.modules.titanium.map.TiMapView$TitaniumOverlay.createItem(TiMapView.java:165)
06-15 15:50:54.269: E/AndroidRuntime(577): at com.google.android.maps.ItemizedOverlay.populate(ItemizedOverlay.java:309)
06-15 15:50:54.269: E/AndroidRuntime(577): at ti.modules.titanium.map.TiMapView$TitaniumOverlay.setAnnotations(TiMapView.java:186)
06-15 15:50:54.269: E/AndroidRuntime(577): at ti.modules.titanium.map.TiMapView.doSetAnnotations(TiMapView.java:783)
06-15 15:50:54.269: E/AndroidRuntime(577): at ti.modules.titanium.map.TiMapView.processProperties(TiMapView.java:657)
06-15 15:50:54.269: E/AndroidRuntime(577): at org.appcelerator.kroll.KrollProxy.setModelListener(KrollProxy.java:884)
06-15 15:50:54.269: E/AndroidRuntime(577): at org.appcelerator.titanium.proxy.TiViewProxy.realizeViews(TiViewProxy.java:426)
06-15 15:50:54.269: E/AndroidRuntime(577): at org.appcelerator.titanium.proxy.TiViewProxy.handleGetView(TiViewProxy.java:418)
06-15 15:50:54.269: E/AndroidRuntime(577): at org.appcelerator.titanium.proxy.TiViewProxy.getOrCreateView(TiViewProxy.java:396)
06-15 15:50:54.269: E/AndroidRuntime(577): at org.appcelerator.titanium.proxy.TiViewProxy.realizeViews(TiViewProxy.java:433)
06-15 15:50:54.269: E/AndroidRuntime(577): at org.appcelerator.titanium.proxy.TiViewProxy.handleGetView(TiViewProxy.java:418)
06-15 15:50:54.269: E/AndroidRuntime(577): at org.appcelerator.titanium.proxy.TiViewProxy.getOrCreateView(TiViewProxy.java:396)
06-15 15:50:54.269: E/AndroidRuntime(577): at org.appcelerator.titanium.proxy.TiViewProxy.handleAdd(TiViewProxy.java:512)
06-15 15:50:54.269: E/AndroidRuntime(577): at org.appcelerator.titanium.proxy.TiViewProxy.handleMessage(TiViewProxy.java:203)
06-15 15:50:54.269: E/AndroidRuntime(577): at android.os.Handler.dispatchMessage(Handler.java:95)
06-15 15:50:54.269: E/AndroidRuntime(577): at org.appcelerator.kroll.common.TiMessenger.dispatchMessage(TiMessenger.java:365)
06-15 15:50:54.269: E/AndroidRuntime(577): at org.appcelerator.kroll.common.TiMessenger.dispatchPendingMessages(TiMessenger.java:350)
06-15 15:50:54.269: E/AndroidRuntime(577): at org.appcelerator.kroll.common.TiMessenger$2.getResult(TiMessenger.java:235)
06-15 15:50:54.269: E/AndroidRuntime(577): at org.appcelerator.kroll.common.TiMessenger.sendBlockingMessage(TiMessenger.java:262)
06-15 15:50:54.269: E/AndroidRuntime(577): at org.appcelerator.kroll.common.TiMessenger.sendBlockingRuntimeMessage(TiMessenger.java:187)
06-15 15:50:54.269: E/AndroidRuntime(577): at org.appcelerator.kroll.KrollProxy.fireSyncEvent(KrollProxy.java:605)
06-15 15:50:54.269: E/AndroidRuntime(577): at org.appcelerator.titanium.TiBaseActivity.onCreate(TiBaseActivity.java:428)
06-15 15:50:54.269: E/AndroidRuntime(577): at org.appcelerator.titanium.TiLaunchActivity.onCreate(TiLaunchActivity.java:162)
06-15 15:50:54.269: E/AndroidRuntime(577): at org.appcelerator.titanium.TiRootActivity.onCreate(TiRootActivity.java:99)
06-15 15:50:54.269: E/AndroidRuntime(577): at android.app.Instrumentation.callActivityOnCreate(Instrumentation.java:1047)
06-15 15:50:54.269: E/AndroidRuntime(577): at android.app.ActivityThread.performLaunchActivity(ActivityThread.java:2627)
06-15 15:50:54.269: E/AndroidRuntime(577): ... 11 more
06-15 15:50:54.289: W/ActivityManager(60): Force finishing activity com.appcelerator.myproject/.MyprojectActivity
06-15 15:50:54.799: W/ActivityManager(60): Activity pause timeout for HistoryRecord{45060f00 com.appcelerator.myproject/.MyprojectActivity}
06-15 15:50:56.549: W/InputManagerService(60): Window already focused, ignoring focus gain of: com.android.internal.view.IInputMethodClient$Stub$Proxy@450268d8
06-15 15:50:57.019: I/Process(577): Sending signal. PID: 577 SIG: 9
06-15 15:50:57.049: I/ActivityManager(60): Process com.appcelerator.myproject (pid 577) has died.